{"id":536,"date":"2017-10-04T12:57:16","date_gmt":"2017-10-04T12:57:16","guid":{"rendered":"http:\/\/trauer-am-berg.de\/?page_id=536"},"modified":"2025-04-01T09:53:31","modified_gmt":"2025-04-01T09:53:31","slug":"einladung-zum-gespraech","status":"publish","type":"page","link":"https:\/\/www.trauer-am-berg.de\/?page_id=536","title":{"rendered":"Einladung zum Gespr\u00e4ch"},"content":{"rendered":"<p>Neben unseren vielf\u00e4ltigen Angeboten, mit anderen Trauernden zusammen zu kommen, gibt es auch die M\u00f6glichkeit, alleine mit einem Trauerbegleiter, einer Trauerbegleiterin ins Gespr\u00e4ch zu kommen.<\/p>\n<p>Hierzu haben wir aktuell 16 qualifizierte ehrenamtliche Mitarbeiter*innen in der Kranken- und Trauerpastoral, die von Walter Hechenberger und Martina Schl\u00fcter, Leiterin der Krankenpastoral im Dekanat Dachau ausgebildet wurden.<\/p>\n<p>Wir alle stehen f\u00fcr eine Begleitung zur Verf\u00fcgung.<\/p>\n<p>Ebenso finden Sie vor Ort Seelsorger und Seelsorgerinnen, die sich Zeit f\u00fcr Sie nehmen.<\/p>\n<p>Am einfachsten ist es, Sie rufen bei Walter Hechenberger an,<br \/>\nunter 01521 20 20 04 23,<br \/>\noder Sie schreiben uns <a href=\"https:\/\/www.trauer-am-berg.de\/?page_id=113\">hier eine kurze Nachricht<\/a> (sie d\u00fcrfen gerne auch mehr schreiben).<\/p>\n<p>Nach einer ersten Kontaktaufnahme versuchen wir, den oder die richtige Gespr\u00e4chspartnerin f\u00fcr Sie zu finden.<\/p>\n","protected":false},"excerpt":{"rendered":"<p>Neben unseren vielf\u00e4ltigen Angeboten, mit anderen Trauernden zusammen zu kommen, gibt es auch die M\u00f6glichkeit, alleine mit einem Trauerbegleiter, einer Trauerbegleiterin ins Gespr\u00e4ch zu kommen. Hierzu haben wir aktuell 16 qualifizierte ehrenamtliche Mitarbeiter*innen in der Kranken- und Trauerpastoral, die von Walter Hechenberger und Martina Schl\u00fcter, Leiterin der Krankenpastoral im Dekanat Dachau ausgebildet wurden. Wir alle &hellip; <a href=\"https:\/\/www.trauer-am-berg.de\/?page_id=536\" class=\"more-link\"><span class=\"screen-reader-text\">Einladung zum Gespr\u00e4ch<\/span> weiterlesen<\/a><\/p>\n","protected":false},"author":1,"featured_media":0,"parent":0,"menu_order":0,"comment_status":"closed","ping_status":"closed","template":"","meta":{"footnotes":""},"_links":{"self":[{"href":"https:\/\/www.trauer-am-berg.de\/index.php?rest_route=\/wp\/v2\/pages\/536"}],"collection":[{"href":"https:\/\/www.trauer-am-berg.de\/index.php?rest_route=\/wp\/v2\/pages"}],"about":[{"href":"https:\/\/www.trauer-am-berg.de\/index.php?rest_route=\/wp\/v2\/types\/page"}],"author":[{"embeddable":true,"href":"https:\/\/www.trauer-am-berg.de\/index.php?rest_route=\/wp\/v2\/users\/1"}],"replies":[{"embeddable":true,"href":"https:\/\/www.trauer-am-berg.de\/index.php?rest_route=%2Fwp%2Fv2%2Fcomments&post=536"}],"version-history":[{"count":8,"href":"https:\/\/www.trauer-am-berg.de\/index.php?rest_route=\/wp\/v2\/pages\/536\/revisions"}],"predecessor-version":[{"id":2104,"href":"https:\/\/www.trauer-am-berg.de\/index.php?rest_route=\/wp\/v2\/pages\/536\/revisions\/2104"}],"wp:attachment":[{"href":"https:\/\/www.trauer-am-berg.de\/index.php?rest_route=%2Fwp%2Fv2%2Fmedia&parent=536"}],"curies":[{"name":"wp","href":"https:\/\/api.w.org\/{rel}","templated":true}]}}

Einladung zum Gespräch

<p>Neben unseren vielfältigen Angeboten, mit anderen Trauernden zusammen zu kommen, gibt es auch die Möglichkeit, alleine mit einem Trauerbegleiter, einer Trauerbegleiterin ins Gespräch zu kommen.</p>
<p>Hierzu haben wir aktuell 16 qualifizierte ehrenamtliche Mitarbeiter*innen in der Kranken- und Trauerpastoral, die von Walter Hechenberger und Martina Schlüter, Leiterin der Krankenpastoral im Dekanat Dachau ausgebildet wurden.</p>
<p>Wir alle stehen für eine Begleitung zur Verfügung.</p>
<p>Ebenso finden Sie vor Ort Seelsorger und Seelsorgerinnen, die sich Zeit für Sie nehmen.</p>
<p>Am einfachsten ist es, Sie rufen bei Walter Hechenberger an,<br />
unter 01521 20 20 04 23,<br />
oder Sie schreiben uns <a href="https://www.trauer-am-berg.de/?page_id=113">hier eine kurze Nachricht</a> (sie dürfen gerne auch mehr schreiben).</p>
<p>Nach einer ersten Kontaktaufnahme versuchen wir, den oder die richtige Gesprächspartnerin für Sie zu finden.</p>

<p>Neben unseren vielfältigen Angeboten, mit anderen Trauernden zusammen zu kommen, gibt es auch die Möglichkeit, alleine mit einem Trauerbegleiter, einer Trauerbegleiterin ins Gespräch zu kommen. Hierzu haben wir aktuell 16 qualifizierte ehrenamtliche Mitarbeiter*innen in der Kranken- und Trauerpastoral, die von Walter Hechenberger und Martina Schlüter, Leiterin der Krankenpastoral im Dekanat Dachau ausgebildet wurden. Wir alle &hellip; <a href="https://www.trauer-am-berg.de/?page_id=536" class="more-link"><span class="screen-reader-text">Einladung zum Gespräch</span> weiterlesen</a></p>
