{"id":477,"date":"2017-08-07T11:06:49","date_gmt":"2017-08-07T11:06:49","guid":{"rendered":"http:\/\/trauer-am-berg.de\/?page_id=477"},"modified":"2024-10-08T16:50:46","modified_gmt":"2024-10-08T16:50:46","slug":"agus-selbsthilfegruppe-in-dachau","status":"publish","type":"page","link":"https:\/\/www.trauer-am-berg.de\/?page_id=477","title":{"rendered":"AGUS Selbsthilfegruppe in Dachau"},"content":{"rendered":"<p><span style=\"color: #414142;\">Nach dem Tod eines nahen Angeh\u00f6rigen, Freundes oder Bekannten durch Suizid f\u00e4llt es schwer in den Alltag zur\u00fcck zu gehen. Alles ist von dem Moment an anders. Wir sind selbst Betroffene und suchen das Gespr\u00e4ch mit Menschen, die \u00c4hnliches erleben mussten. <\/span><br \/>\n<span style=\"color: #414142;\">Gemeinsam wollen wir unsere Erfahrungen austauschen, somit uns gegenseitig Kraft geben und wieder Hoffnung finden, den Alltag zu bew\u00e4ltigen und das Leben zu bejahen.<\/span><\/p>\n<p><span style=\"color: #414142;\">Wann:<\/span><br \/>\n<span style=\"color: #414142;\">Termin: jeden 1. Dienstag im Monat von 19.30-21.00 Uhr<\/span><\/p>\n<p><span style=\"color: #414142;\">Wo:<\/span><br \/>\n<span style=\"color: #414142;\">Dachauer Forum, Ludwig-Ganghofer-Str. 4, Erdgeschoss, D-85221 Dachau<\/span><\/p>\n<p><span style=\"color: #414142;\">Leitung:<\/span><br \/>\n<span style=\"color: #414142;\">Christine Asimont und Wibke Biberger<\/span><\/p>\n<p><span style=\"color: #414142;\">Anmeldung<\/span><br \/>\n<span style=\"color: #414142;\">Telefon: 01578\/1883020 <\/span><\/p>\n<p><span style=\"color: #414142;\">Geb\u00fchrenfrei<\/span><\/p>\n","protected":false},"excerpt":{"rendered":"<p>Nach dem Tod eines nahen Angeh\u00f6rigen, Freundes oder Bekannten durch Suizid f\u00e4llt es schwer in den Alltag zur\u00fcck zu gehen. Alles ist von dem Moment an anders. Wir sind selbst Betroffene und suchen das Gespr\u00e4ch mit Menschen, die \u00c4hnliches erleben mussten. Gemeinsam wollen wir unsere Erfahrungen austauschen, somit uns gegenseitig Kraft geben und wieder Hoffnung &hellip; <a href=\"https:\/\/www.trauer-am-berg.de\/?page_id=477\" class=\"more-link\"><span class=\"screen-reader-text\">AGUS Selbsthilfegruppe in Dachau<\/span> weiterlesen<\/a><\/p>\n","protected":false},"author":1,"featured_media":0,"parent":0,"menu_order":0,"comment_status":"closed","ping_status":"closed","template":"","meta":{"footnotes":""},"_links":{"self":[{"href":"https:\/\/www.trauer-am-berg.de\/index.php?rest_route=\/wp\/v2\/pages\/477"}],"collection":[{"href":"https:\/\/www.trauer-am-berg.de\/index.php?rest_route=\/wp\/v2\/pages"}],"about":[{"href":"https:\/\/www.trauer-am-berg.de\/index.php?rest_route=\/wp\/v2\/types\/page"}],"author":[{"embeddable":true,"href":"https:\/\/www.trauer-am-berg.de\/index.php?rest_route=\/wp\/v2\/users\/1"}],"replies":[{"embeddable":true,"href":"https:\/\/www.trauer-am-berg.de\/index.php?rest_route=%2Fwp%2Fv2%2Fcomments&post=477"}],"version-history":[{"count":5,"href":"https:\/\/www.trauer-am-berg.de\/index.php?rest_route=\/wp\/v2\/pages\/477\/revisions"}],"predecessor-version":[{"id":1872,"href":"https:\/\/www.trauer-am-berg.de\/index.php?rest_route=\/wp\/v2\/pages\/477\/revisions\/1872"}],"wp:attachment":[{"href":"https:\/\/www.trauer-am-berg.de\/index.php?rest_route=%2Fwp%2Fv2%2Fmedia&parent=477"}],"curies":[{"name":"wp","href":"https:\/\/api.w.org\/{rel}","templated":true}]}}

<p><span style="color: #414142;">Nach dem Tod eines nahen Angehörigen, Freundes oder Bekannten durch Suizid fällt es schwer in den Alltag zurück zu gehen. Alles ist von dem Moment an anders. Wir sind selbst Betroffene und suchen das Gespräch mit Menschen, die Ähnliches erleben mussten. </span><br />
<span style="color: #414142;">Gemeinsam wollen wir unsere Erfahrungen austauschen, somit uns gegenseitig Kraft geben und wieder Hoffnung finden, den Alltag zu bewältigen und das Leben zu bejahen.</span></p>
<p><span style="color: #414142;">Wann:</span><br />
<span style="color: #414142;">Termin: jeden 1. Dienstag im Monat von 19.30-21.00 Uhr</span></p>
<p><span style="color: #414142;">Wo:</span><br />
<span style="color: #414142;">Dachauer Forum, Ludwig-Ganghofer-Str. 4, Erdgeschoss, D-85221 Dachau</span></p>
<p><span style="color: #414142;">Leitung:</span><br />
<span style="color: #414142;">Christine Asimont und Wibke Biberger</span></p>
<p><span style="color: #414142;">Anmeldung</span><br />
<span style="color: #414142;">Telefon: 01578/1883020 </span></p>
<p><span style="color: #414142;">Gebührenfrei</span></p>

<p>Nach dem Tod eines nahen Angehörigen, Freundes oder Bekannten durch Suizid fällt es schwer in den Alltag zurück zu gehen. Alles ist von dem Moment an anders. Wir sind selbst Betroffene und suchen das Gespräch mit Menschen, die Ähnliches erleben mussten. Gemeinsam wollen wir unsere Erfahrungen austauschen, somit uns gegenseitig Kraft geben und wieder Hoffnung &hellip; <a href="https://www.trauer-am-berg.de/?page_id=477" class="more-link"><span class="screen-reader-text">AGUS Selbsthilfegruppe in Dachau</span> weiterlesen</a></p>
