{"id":404,"date":"2017-07-19T12:51:10","date_gmt":"2017-07-19T12:51:10","guid":{"rendered":"http:\/\/trauer-am-berg.de\/?page_id=404"},"modified":"2021-11-24T08:22:10","modified_gmt":"2021-11-24T08:22:10","slug":"gib-deiner-trauer-raum-und-zeit-gespraechsrunde-in-dachau","status":"publish","type":"page","link":"https:\/\/www.trauer-am-berg.de\/?page_id=404","title":{"rendered":"Gib Deiner Trauer Raum und Zeit &#8211; Gespr\u00e4chsrunde in Dachau"},"content":{"rendered":"<p><strong>F\u00fcr Menschen, die um einen anderen trauern <\/strong><\/p>\n<p>Gespr\u00e4chsrunde mit Impulsen in Dachau f\u00fcr Menschen, die um einen anderen trauern.<\/p>\n<p>Nach dem Tod eines nahestehenden Menschen ist es oft so, dass erst nach einer Zeit des Funktionierens die Gef\u00fchle der Trauer k\u00f6rperlich und seelisch sp\u00fcrbar werden.<br \/>\nWie geht es mir in einer f\u00fcr mich &#8220;ver-r\u00fcckten&#8221; Welt, in der der Verstorbene nicht mehr greifbar ist? Was ist mit der Sehnsucht, den Erinnerungen, Schmerz, Wut, Tr\u00e4nen? Wie lebe ich weiter?<\/p>\n<p>All diesen Themen sowie dem Austausch und der Begegnung geben wir Raum im gesch\u00fctzten Rahmen einer Trauergruppe.<\/p>\n<p><strong>Wann:<\/strong><br \/>\njeweils mittwochs 19.00 Uhr bis 20.30 Uhr<\/p>\n<p><strong>Wo:\u00a0\u00a0\u00a0<\/strong><br \/>\nForum 4, Dachauer Forum, Ludwig-Ganghofer-Strasse 4,<\/p>\n<p><strong>Leitung:\u00a0\u00a0\u00a0\u00a0\u00a0\u00a0\u00a0<\/strong><br \/>\nKarin Kunze<\/p>\n<p><strong>Kosten:<\/strong><br \/>\n5 \u20ac<\/p>\n<p><strong>Anmeldung:<\/strong><br \/>\nDachauer Forum unter 08131-99688-0,<br \/>\noder per mail info(at)Dachauer-Forum.de<\/p>\n","protected":false},"excerpt":{"rendered":"<p>F\u00fcr Menschen, die um einen anderen trauern Gespr\u00e4chsrunde mit Impulsen in Dachau f\u00fcr Menschen, die um einen anderen trauern. Nach dem Tod eines nahestehenden Menschen ist es oft so, dass erst nach einer Zeit des Funktionierens die Gef\u00fchle der Trauer k\u00f6rperlich und seelisch sp\u00fcrbar werden. Wie geht es mir in einer f\u00fcr mich &#8220;ver-r\u00fcckten&#8221; Welt, &hellip; <a href=\"https:\/\/www.trauer-am-berg.de\/?page_id=404\" class=\"more-link\"><span class=\"screen-reader-text\">Gib Deiner Trauer Raum und Zeit &#8211; Gespr\u00e4chsrunde in Dachau<\/span> weiterlesen<\/a><\/p>\n","protected":false},"author":1,"featured_media":0,"parent":0,"menu_order":0,"comment_status":"closed","ping_status":"closed","template":"","meta":{"footnotes":""},"_links":{"self":[{"href":"https:\/\/www.trauer-am-berg.de\/index.php?rest_route=\/wp\/v2\/pages\/404"}],"collection":[{"href":"https:\/\/www.trauer-am-berg.de\/index.php?rest_route=\/wp\/v2\/pages"}],"about":[{"href":"https:\/\/www.trauer-am-berg.de\/index.php?rest_route=\/wp\/v2\/types\/page"}],"author":[{"embeddable":true,"href":"https:\/\/www.trauer-am-berg.de\/index.php?rest_route=\/wp\/v2\/users\/1"}],"replies":[{"embeddable":true,"href":"https:\/\/www.trauer-am-berg.de\/index.php?rest_route=%2Fwp%2Fv2%2Fcomments&post=404"}],"version-history":[{"count":17,"href":"https:\/\/www.trauer-am-berg.de\/index.php?rest_route=\/wp\/v2\/pages\/404\/revisions"}],"predecessor-version":[{"id":1402,"href":"https:\/\/www.trauer-am-berg.de\/index.php?rest_route=\/wp\/v2\/pages\/404\/revisions\/1402"}],"wp:attachment":[{"href":"https:\/\/www.trauer-am-berg.de\/index.php?rest_route=%2Fwp%2Fv2%2Fmedia&parent=404"}],"curies":[{"name":"wp","href":"https:\/\/api.w.org\/{rel}","templated":true}]}}