{"id":1660,"date":"2023-08-08T09:30:53","date_gmt":"2023-08-08T09:30:53","guid":{"rendered":"https:\/\/www.trauer-am-berg.de\/?page_id=1660"},"modified":"2026-03-25T09:02:10","modified_gmt":"2026-03-25T09:02:10","slug":"oasentag-mit-maerchen-und-musik","status":"publish","type":"page","link":"https:\/\/www.trauer-am-berg.de\/?page_id=1660","title":{"rendered":"Oasentag mit M\u00e4rchen und Musik"},"content":{"rendered":"\n<p class=\"has-large-font-size\"><\/p>\n\n\n<div class=\"wp-block-image\">\n<figure class=\"alignright\"><img loading=\"lazy\" decoding=\"async\" width=\"300\" height=\"244\" src=\"https:\/\/www.trauer-am-berg.de\/wp-content\/uploads\/2023\/02\/oasenbild-300x244.jpg\" alt=\"\" class=\"wp-image-1589\" srcset=\"https:\/\/www.trauer-am-berg.de\/wp-content\/uploads\/2023\/02\/oasenbild-300x244.jpg 300w, https:\/\/www.trauer-am-berg.de\/wp-content\/uploads\/2023\/02\/oasenbild.jpg 648w\" sizes=\"(max-width: 300px) 100vw, 300px\" \/><\/figure><\/div>\n\n\n<p>Trauer ist ein Gef\u00fchl, so denken wir und empfinden wir. Doch tats\u00e4chlich erleben wir einen Verlust vorwiegend k\u00f6rperlich. Es liegt also nahe, in Zeiten der Trauer dem K\u00f6rper etwas Gutes zu tun. Oasen-Tage wollen genau dies anbieten, in ganz unterschiedlichen Oasen \u201czelten\u201c: Erfahrungen und Erlebnisse, die gut tun an Leib und Seele, wie eine Oase gut tut nach einer langen, entbehrungsreichen Wanderung in der W\u00fcste unserer Trauer.<\/p>\n\n\n\n<p>Im Mittelpunkt dieses Oasentags stehen M\u00e4rchen und Musik.<\/p>\n\n\n\n<p>Februar 2027<\/p>\n\n\n\n<p>am Petersberg bei Erdweg, Beginn ist im Oberen Haus, Raum Scharl<\/p>\n\n\n\n<p>10.00 bis 17.00 Uhr<\/p>\n\n\n\n<p>Teilnahmegeb\u00fchr 10 \u20ac<br>Verpflegung 25 \u20ac<\/p>\n\n\n\n<p class=\"has-text-align-left\"><strong>Es leiten:<\/strong><\/p>\n\n\n\n<p>Walter Hechenberger, Pastoralreferent<\/p>\n\n\n<div class=\"wp-block-image\">\n<figure class=\"alignleft size-large is-resized\"><img loading=\"lazy\" decoding=\"async\" width=\"822\" height=\"1024\" src=\"https:\/\/www.trauer-am-berg.de\/wp-content\/uploads\/2025\/01\/georg_rieperdinger-822x1024.jpg\" alt=\"\" class=\"wp-image-1947\" style=\"width:127px;height:auto\" srcset=\"https:\/\/www.trauer-am-berg.de\/wp-content\/uploads\/2025\/01\/georg_rieperdinger-822x1024.jpg 822w, https:\/\/www.trauer-am-berg.de\/wp-content\/uploads\/2025\/01\/georg_rieperdinger-241x300.jpg 241w, https:\/\/www.trauer-am-berg.de\/wp-content\/uploads\/2025\/01\/georg_rieperdinger-768x957.jpg 768w, https:\/\/www.trauer-am-berg.de\/wp-content\/uploads\/2025\/01\/georg_rieperdinger-1233x1536.jpg 1233w, https:\/\/www.trauer-am-berg.de\/wp-content\/uploads\/2025\/01\/georg_rieperdinger-1644x2048.jpg 1644w, https:\/\/www.trauer-am-berg.de\/wp-content\/uploads\/2025\/01\/georg_rieperdinger.jpg 1840w\" sizes=\"(max-width: 822px) 100vw, 822px\" \/><\/figure><\/div>\n\n\n<p class=\"has-text-align-left\">Georg Rieperdinger,&nbsp; ehrenamtlicher Mitarbeiter in der Trauerpastoral<\/p>\n\n\n\n<p><\/p>\n\n\n\n<p><\/p>\n\n\n\n<p><\/p>\n\n\n\n<p><\/p>\n\n\n\n<p class=\"has-text-align-left\">Anmeldung ist beim Dachauer Forum unter 08131-99688-0 oder ab Herbst 2026 direkt hier<\/p>\n","protected":false},"excerpt":{"rendered":"<p>Trauer ist ein Gef\u00fchl, so denken wir und empfinden wir. Doch tats\u00e4chlich erleben wir einen Verlust vorwiegend k\u00f6rperlich. Es liegt also nahe, in Zeiten der Trauer dem K\u00f6rper etwas Gutes zu tun. Oasen-Tage wollen genau dies anbieten, in ganz unterschiedlichen Oasen \u201czelten\u201c: Erfahrungen und Erlebnisse, die gut tun an Leib und Seele, wie eine Oase &hellip; <a href=\"https:\/\/www.trauer-am-berg.de\/?page_id=1660\" class=\"more-link\"><span class=\"screen-reader-text\">Oasentag mit M\u00e4rchen und Musik<\/span> weiterlesen<\/a><\/p>\n","protected":false},"author":1,"featured_media":0,"parent":0,"menu_order":0,"comment_status":"closed","ping_status":"closed","template":"","meta":{"footnotes":""},"_links":{"self":[{"href":"https:\/\/www.trauer-am-berg.de\/index.php?rest_route=\/wp\/v2\/pages\/1660"}],"collection":[{"href":"https:\/\/www.trauer-am-berg.de\/index.php?rest_route=\/wp\/v2\/pages"}],"about":[{"href":"https:\/\/www.trauer-am-berg.de\/index.php?rest_route=\/wp\/v2\/types\/page"}],"author":[{"embeddable":true,"href":"https:\/\/www.trauer-am-berg.de\/index.php?rest_route=\/wp\/v2\/users\/1"}],"replies":[{"embeddable":true,"href":"https:\/\/www.trauer-am-berg.de\/index.php?rest_route=%2Fwp%2Fv2%2Fcomments&post=1660"}],"version-history":[{"count":17,"href":"https:\/\/www.trauer-am-berg.de\/index.php?rest_route=\/wp\/v2\/pages\/1660\/revisions"}],"predecessor-version":[{"id":2296,"href":"https:\/\/www.trauer-am-berg.de\/index.php?rest_route=\/wp\/v2\/pages\/1660\/revisions\/2296"}],"wp:attachment":[{"href":"https:\/\/www.trauer-am-berg.de\/index.php?rest_route=%2Fwp%2Fv2%2Fmedia&parent=1660"}],"curies":[{"name":"wp","href":"https:\/\/api.w.org\/{rel}","templated":true}]}}

Oasentag mit Märchen und Musik

<p class="has-large-font-size"></p>


<div class="wp-block-image">
<figure class="alignright"><img loading="lazy" decoding="async" width="300" height="244" src="https://www.trauer-am-berg.de/wp-content/uploads/2023/02/oasenbild-300x244.jpg" alt="" class="wp-image-1589" srcset="https://www.trauer-am-berg.de/wp-content/uploads/2023/02/oasenbild-300x244.jpg 300w, https://www.trauer-am-berg.de/wp-content/uploads/2023/02/oasenbild.jpg 648w" sizes="(max-width: 300px) 100vw, 300px" /></figure></div>


<p>Trauer ist ein Gefühl, so denken wir und empfinden wir. Doch tatsächlich erleben wir einen Verlust vorwiegend körperlich. Es liegt also nahe, in Zeiten der Trauer dem Körper etwas Gutes zu tun. Oasen-Tage wollen genau dies anbieten, in ganz unterschiedlichen Oasen “zelten“: Erfahrungen und Erlebnisse, die gut tun an Leib und Seele, wie eine Oase gut tut nach einer langen, entbehrungsreichen Wanderung in der Wüste unserer Trauer.</p>



<p>Im Mittelpunkt dieses Oasentags stehen Märchen und Musik.</p>



<p>Februar 2027</p>



<p>am Petersberg bei Erdweg, Beginn ist im Oberen Haus, Raum Scharl</p>



<p>10.00 bis 17.00 Uhr</p>



<p>Teilnahmegebühr 10 €<br>Verpflegung 25 €</p>



<p class="has-text-align-left"><strong>Es leiten:</strong></p>



<p>Walter Hechenberger, Pastoralreferent</p>


<div class="wp-block-image">
<figure class="alignleft size-large is-resized"><img loading="lazy" decoding="async" width="822" height="1024" src="https://www.trauer-am-berg.de/wp-content/uploads/2025/01/georg_rieperdinger-822x1024.jpg" alt="" class="wp-image-1947" style="width:127px;height:auto" srcset="https://www.trauer-am-berg.de/wp-content/uploads/2025/01/georg_rieperdinger-822x1024.jpg 822w, https://www.trauer-am-berg.de/wp-content/uploads/2025/01/georg_rieperdinger-241x300.jpg 241w, https://www.trauer-am-berg.de/wp-content/uploads/2025/01/georg_rieperdinger-768x957.jpg 768w, https://www.trauer-am-berg.de/wp-content/uploads/2025/01/georg_rieperdinger-1233x1536.jpg 1233w, https://www.trauer-am-berg.de/wp-content/uploads/2025/01/georg_rieperdinger-1644x2048.jpg 1644w, https://www.trauer-am-berg.de/wp-content/uploads/2025/01/georg_rieperdinger.jpg 1840w" sizes="(max-width: 822px) 100vw, 822px" /></figure></div>


<p class="has-text-align-left">Georg Rieperdinger,&nbsp; ehrenamtlicher Mitarbeiter in der Trauerpastoral</p>



<p></p>



<p></p>



<p></p>



<p></p>



<p class="has-text-align-left">Anmeldung ist beim Dachauer Forum unter 08131-99688-0 oder ab Herbst 2026 direkt hier</p>

<p>Trauer ist ein Gefühl, so denken wir und empfinden wir. Doch tatsächlich erleben wir einen Verlust vorwiegend körperlich. Es liegt also nahe, in Zeiten der Trauer dem Körper etwas Gutes zu tun. Oasen-Tage wollen genau dies anbieten, in ganz unterschiedlichen Oasen “zelten“: Erfahrungen und Erlebnisse, die gut tun an Leib und Seele, wie eine Oase &hellip; <a href="https://www.trauer-am-berg.de/?page_id=1660" class="more-link"><span class="screen-reader-text">Oasentag mit Märchen und Musik</span> weiterlesen</a></p>
