{"id":113,"date":"2017-06-30T07:25:16","date_gmt":"2017-06-30T07:25:16","guid":{"rendered":"http:\/\/trauer-am-berg.de\/?page_id=113"},"modified":"2026-02-06T09:47:29","modified_gmt":"2026-02-06T09:47:29","slug":"hier-koennen-sie-uns-schreiben","status":"publish","type":"page","link":"https:\/\/www.trauer-am-berg.de\/?page_id=113","title":{"rendered":"Hier k\u00f6nnen Sie uns erreichen"},"content":{"rendered":"\n<p>Sie erreichen einen Ansprechpartner, der Ihnen weiterhilft, unter der Rufnummer 0151 20 20 04 23. Es erwartet sie dort Walter Hechenberger, der Ansprechpartner von TaBOR.<\/p>\n\n\n\n<p class=\"has-vivid-red-color has-text-color has-link-color has-medium-font-size wp-elements-7b094330d7b08080968d77e82fd4ae7a\">Sie k\u00f6nnen aber auch eine Nachricht direkt hier schreiben.<br>Wir werden sicher bald antworten.<br>Ihre Nachricht wird nat\u00fcrlich nicht auf dieser Seite erscheinen.<br>Alles, was Sie uns mitteilen, f\u00e4llt unter die seelsorgliche Schweigepflicht.<\/p>\n\n\n<div role=\"form\" class=\"wpcf7\" id=\"wpcf7-f120-o1\" lang=\"de-DE\" dir=\"ltr\">\n<div class=\"screen-reader-response\"><\/div>\n<form action=\"\/index.php?rest_route=%2Fwp%2Fv2%2Fpages%2F113#wpcf7-f120-o1\" method=\"post\" class=\"wpcf7-form\" novalidate=\"novalidate\">\n<div style=\"display: none;\">\n<input type=\"hidden\" name=\"_wpcf7\" value=\"120\" \/>\n<input type=\"hidden\" name=\"_wpcf7_version\" value=\"4.8\" \/>\n<input type=\"hidden\" name=\"_wpcf7_locale\" value=\"de_DE\" \/>\n<input type=\"hidden\" name=\"_wpcf7_unit_tag\" value=\"wpcf7-f120-o1\" \/>\n<input type=\"hidden\" name=\"_wpcf7_container_post\" value=\"0\" \/>\n<input type=\"hidden\" name=\"_wpcf7_nonce\" value=\"931fefede3\" \/>\n<\/div>\n<p><label> Name(Pflichtfeld)<br \/>\n    <span class=\"wpcf7-form-control-wrap your-name\"><input type=\"text\" name=\"your-name\" value=\"\" size=\"40\" class=\"wpcf7-form-control wpcf7-text wpcf7-validates-as-required\" aria-required=\"true\" aria-invalid=\"false\" \/><\/span> <\/label><\/p>\n<p><label> Ihre E-Mail-Adresse (Pflichtfeld)<br \/>\n    <span class=\"wpcf7-form-control-wrap your-email\"><input type=\"email\" name=\"your-email\" value=\"\" size=\"40\" class=\"wpcf7-form-control wpcf7-text wpcf7-email wpcf7-validates-as-required wpcf7-validates-as-email\" aria-required=\"true\" aria-invalid=\"false\" \/><\/span> <\/label><\/p>\n<p><label> Was Sie uns mitteilen oder erz\u00e4hlen m\u00f6chten<br \/>\n    <span class=\"wpcf7-form-control-wrap your-message\"><textarea name=\"your-message\" cols=\"40\" rows=\"10\" class=\"wpcf7-form-control wpcf7-textarea\" aria-invalid=\"false\"><\/textarea><\/span> <\/label><\/p>\n<p><input type=\"submit\" value=\"Senden\" class=\"wpcf7-form-control wpcf7-submit\" \/><\/p>\n<div class=\"wpcf7-response-output wpcf7-display-none\"><\/div><\/form><\/div>\n","protected":false},"excerpt":{"rendered":"<p>Sie erreichen einen Ansprechpartner, der Ihnen weiterhilft, unter der Rufnummer 0151 20 20 04 23. Es erwartet sie dort Walter Hechenberger, der Ansprechpartner von TaBOR. Sie k\u00f6nnen aber auch eine Nachricht direkt hier schreiben.Wir werden sicher bald antworten.Ihre Nachricht wird nat\u00fcrlich nicht auf dieser Seite erscheinen.Alles, was Sie uns mitteilen, f\u00e4llt unter die seelsorgliche Schweigepflicht.<\/p>\n","protected":false},"author":1,"featured_media":0,"parent":0,"menu_order":0,"comment_status":"closed","ping_status":"closed","template":"","meta":{"footnotes":""},"_links":{"self":[{"href":"https:\/\/www.trauer-am-berg.de\/index.php?rest_route=\/wp\/v2\/pages\/113"}],"collection":[{"href":"https:\/\/www.trauer-am-berg.de\/index.php?rest_route=\/wp\/v2\/pages"}],"about":[{"href":"https:\/\/www.trauer-am-berg.de\/index.php?rest_route=\/wp\/v2\/types\/page"}],"author":[{"embeddable":true,"href":"https:\/\/www.trauer-am-berg.de\/index.php?rest_route=\/wp\/v2\/users\/1"}],"replies":[{"embeddable":true,"href":"https:\/\/www.trauer-am-berg.de\/index.php?rest_route=%2Fwp%2Fv2%2Fcomments&post=113"}],"version-history":[{"count":16,"href":"https:\/\/www.trauer-am-berg.de\/index.php?rest_route=\/wp\/v2\/pages\/113\/revisions"}],"predecessor-version":[{"id":2275,"href":"https:\/\/www.trauer-am-berg.de\/index.php?rest_route=\/wp\/v2\/pages\/113\/revisions\/2275"}],"wp:attachment":[{"href":"https:\/\/www.trauer-am-berg.de\/index.php?rest_route=%2Fwp%2Fv2%2Fmedia&parent=113"}],"curies":[{"name":"wp","href":"https:\/\/api.w.org\/{rel}","templated":true}]}}